293
Let q(u) = -3*u**2 + 11*u + 43. Let c be q(6). What are the prime factors of (c + 42/(-30))*-1095?
2, 3, 73
Suppose -5874 = 2*i - 4*t - 25294, 5*i = 3*t + 48613. List the prime factors of i.
2, 19
Let p be 2/((2/8)/(212/32)). Suppose -5*l + 229 = -4*j - p, 0 = -4*l + j + 230. Suppose 11*n + l = 12*n. What are the prime factors of n?
2, 29
Suppose 5*b + 3*v - 2799 = 0, b + v - 2*v = 555. List the prime factors of (-20)/(-20)*5/(5/b).
2, 3, 31
Let m(i) = 6*i**2 + i - 8. Let z be m(11). Suppose 4*t - z = y, -4*y = 2*t + y - 359. What are the prime factors of (11/(-4)*-2)/(7/t)?
11, 13
List the prime factors of (-15)/120 + 39/(-8) - -7464.
7459
Let i be 75*58/(-2) - 393/131. What are the prime factors of ((i/(-27))/11)/((-6)/(-81))?
3, 11
Let a(o) be the second derivative of 5*o**3/2 + 21*o**2 - 10*o - 22. Suppose j - 3*j + 14 = 0. What are the prime factors of a(j)?
3, 7
Let k = 88941 + -60429. List the prime factors of k.
2, 3, 11
Suppose -2*r - 5*t = -4027, 3*t + 3368 = -3*r + 9404. Let b = -1172 + r. What are the prime factors of b?
839
Let p = 24619 - 11295. What are the prime factors of p?
2, 3331
Let a = 451 - 446. Let q(y) be the first derivative of y**2 + 3*y - 2. What are the prime factors of q(a)?
13
Suppose -88*r + 77*r + 9460 = 0. Let v be (-1)/(0 - 2/6). Suppose 2*a + v*a = r. What are the prime factors of a?
2, 43
Let z be 4*2/12*-3. Let u be (-1660)/(-3 + z) + 2. Suppose u = 5*p - 3*m, 5*p - 2*m - 260 = 76. What are the prime factors of p?
2, 17
Let h(g) = -1. Let w(v) = -34*v + 2. Let o(p) = -6*h(p) - w(p). Let x be o(8). Suppose -6 + x = 2*n. List the prime factors of n.
3, 5
Let l be (-6)/6 + (-5)/(-1). Let m be (l + 0)/(5*(-1)/(-10)). Suppose -m*q = -4*q - 192. What are the prime factors of q?
2, 3
Suppose u - 2*u = -5. Suppose 4 = -d - 4*h, 8 + 27 = -5*d - u*h. What are the prime factors of 11/44 - 526/d?
2, 3, 11
Let w = 3 + 2. Suppose -5 = 5*m, -2*h - 5*m + 73 = -96. Suppose 0 = 8*x - w*x - h. List the prime factors of x.
29
Suppose -1597 = -3*w - s, -267*w + 270*w - 1592 = -2*s. List the prime factors of w.
2, 3, 89
Let j(u) = 223*u**2 - 16*u - 28. List the prime factors of j(-10).
2, 701
What are the prime factors of (-95)/(-5) - 13 - -11650?
2, 31, 47
Let v(b) = 2*b + 10. Let k be (3 + -2)/(2/(-6)) + 0. Let x be v(k). Suppose 0*z = -2*z - 2*o + 22, z - x*o = -14. List the prime factors of z.
2, 3
Let o be (-6)/(-36) - ((-6549)/18 - 0). Suppose o = 4*x + 76. Let t = x + -38. What are the prime factors of t?
2, 17
Suppose -11*w - 25982068 = -88*w - 509*w. List the prime factors of w.
2, 7, 3167
Let s(g) = -394*g - 1311. List the prime factors of s(-13).
37, 103
Suppose -40625 = 8*c - 21*c. List the prime factors of c.
5
Let z(d) = d + 942. Let k be z(0). Let m = 920 + -918. Suppose 552 = 3*h - m*j, -4*j + k = -3*h + 8*h. What are the prime factors of h?
2, 3, 31
Suppose -5*f - 202 - 1498 = 5*q, 332 = -q + 3*f. Let w = q - -810. What are the prime factors of w?
2, 59
Let r = -53 - -2153. Suppose -21*k = -16*k - r. What are the prime factors of k?
2, 3, 5, 7
Suppose 129584 = 58*m - 45*m. What are the prime factors of m?
2, 7, 89
What are the prime factors of ((-8105)/(-2) - 2)/(15/120)?
2, 8101
Suppose -156000 = -73139*i + 73129*i. List the prime factors of i.
2, 3, 5, 13
List the prime factors of (-4)/(-26) + 3 + 83490/143.
587
Let f = 138 - 138. Suppose -3*m + 2*m + 208 = t, f = -2*m + 5*t + 437. What are the prime factors of m?
211
List the prime factors of (-29 - 295)/((-6)/9).
2, 3
Suppose 0 = -42*f - 42 - 0. Let j(t) = -134*t**2 + t - 5. Let s(y) = -67*y**2 - 3. Let m(l) = -4*j(l) + 7*s(l). List the prime factors of m(f).
2, 5, 7
Suppose -1180 = 2*k + 2*k + 5*a, 0 = -5*k + 4*a - 1475. Let u = k - -306. List the prime factors of u.
11
Let g(n) be the second derivative of -n**4/12 + 6*n**3 - 49*n**2/2 - 7*n + 4. What are the prime factors of g(28)?
5, 7
Suppose -3*d - 655 = f, -2*f - 2*f = 2*d + 420. List the prime factors of (-13)/((-65)/6)*d/(-4).
2, 3, 11
Let m = -20699 - -47439. What are the prime factors of m?
2, 5, 7, 191
Let w = -1614 - -2969. Suppose -w = -7*g + 269. What are the prime factors of g?
2, 29
Let z(l) = 6*l + 34. Let y be z(-5). Suppose -2*r = -m - 7 + 24, y*r = 8. List the prime factors of m.
3, 7
Let a(l) = l**3 - l**2 - 2. Let t be a(2). Suppose -t*o + 52 = 2*r, -8*o + 125 = -3*o + 4*r. Suppose j + o = 140. What are the prime factors of j?
7, 17
Suppose -2024 = 4*p + 4*p. Let n = -138 - p. Suppose 0 = o + o - 3*a - n, -4*o = 2*a - 254. List the prime factors of o.
2, 31
Let a(s) = -s**3 + 3*s**2 + 12*s - 11. Let w = 525 + -534. List the prime factors of a(w).
853
Suppose 2*o + 2*o + 628 = 0. Let k be (1/1)/((-1)/o). Suppose -k = -5*f - 2. List the prime factors of f.
31
List the prime factors of (-62)/(-124)*((-165752)/2)/((-8)/4).
20719
Let w = -24582 - -52044. What are the prime factors of w?
2, 3, 23, 199
Let b(v) = 5*v**3 + 2*v**2 - 3. Let p be (-6)/((-5 + 3)/(1 - 0)). Suppose -4*a + 27 = 3*n, 5*a - 9 = 7*a - p*n. What are the prime factors of b(a)?
2, 3, 5
Let g = -98 - -97. Let t(r) = 3*r**2 - 1. Let f be t(g). Suppose 34 + 78 = f*c. What are the prime factors of c?
2, 7
Let f(a) = -20*a - 2 + 2*a**2 - 7*a**2 + 25*a - a**3. Let m be f(-6). Suppose -2*v - m*v = -336. What are the prime factors of v?
2, 7
Let z(x) = -x**3 - 10*x**2 - 10*x - 4. Let g be z(-9). Suppose 0 = 2*w + 2*s + g - 11, s = 2*w + 3. List the prime factors of -4 - -58 - (w + 0).
2, 3
Suppose -1966*k = -1960*k - 20826. What are the prime factors of k?
3, 13, 89
Let n = 1 + 6. Let b be (4/6)/(21/63). Suppose -n*t = -b*t + 25, -5*t - 669 = -4*h. List the prime factors of h.
7, 23
Let t(x) = 1721*x**3 - 4*x**2 - 56*x + 113. What are the prime factors of t(2)?
17, 809
Suppose 45*x - 151284 = -49314. List the prime factors of x.
2, 11, 103
What are the prime factors of (-1 + (-52880)/3)*(-45 - -42) - 2?
3, 17627
Let o be ((-32)/(-20))/((-4)/(-50)). Suppose o*x - 1476 = 16*x. What are the prime factors of x?
3, 41
Let n(b) be the first derivative of -b**4/4 + 10*b**3/3 - 7*b**2 - 11*b + 13. Let s be n(8). Suppose s*i = i + 464. List the prime factors of i.
2, 29
Suppose 25*y = 2*y + 88090. Suppose 17*s - 7900 = y. List the prime factors of s.
2, 3, 5, 23
Suppose 4*g = -8, 2*i - 5*i + g = 208. Let f = 109 + i. What are the prime factors of f?
3, 13
Suppose -25*f + 38*f - 68096 = 11*f. What are the prime factors of f?
2, 7, 19
Let u(j) = -j**2 - 26*j - 83. Let c be u(-17). Suppose 2*b - 6*b = -f + 87, -5*b + 176 = 3*f. Suppose 135 = c*i - f*i. List the prime factors of i.
3, 5
Let u(s) = 160*s - 57 + 197 - 39*s. List the prime factors of u(6).
2, 433
What are the prime factors of 5*59626/(-140)*-4?
2, 4259
Suppose 3*m = -j + 322, -4*j + j + 978 = 3*m. Let b be (-1)/3 - j/6. List the prime factors of (-498)/(-10) + (-11)/b.
2, 5
Let d(k) = -112*k + 20. Let b(z) = -330*z + 61. Let m(n) = -3*b(n) + 8*d(n). List the prime factors of m(8).
3
Suppose 85*l - 36810 = 76*l. Suppose 5*j + q = -4*q + l, -818 = -j + 2*q. List the prime factors of j.
2, 409
Suppose 4*o - 28250 = -3*n, -n + 2555 + 6880 = 5*o. What are the prime factors of n?
2, 5, 941
Suppose -175*o + 180*o - 163370 = -5*j, 8 = -o. List the prime factors of j.
2, 3, 13, 419
Suppose -c - 69745 = -4*a, 121*a - 52342 = 118*a - 4*c. What are the prime factors of a?
2, 8719
Suppose 5*y + 98292 = 3*o + 7440, -o + y + 30284 = 0. What are the prime factors of o?
2, 67, 113
Suppose 3929165 = 98*j + 728975. List the prime factors of j.
3, 5, 7, 311
Let o(v) = -3*v + 59. Let g be o(18). Suppose 5*p + g*l = 50, 18 = p - 0*p + 3*l. What are the prime factors of p?
2, 3
Let w(b) = 17*b**3 - 2*b**2 + 5*b - 5. Let g be w(2). What are the prime factors of (-11 - -12)*(0 + g)?
7, 19
Suppose 0 = -5*l - 5*m + 355, -2*l - 4*m + 86 = -l. Suppose l*c + 1787 = 67*c. Suppose -c = -15*p + 1378. What are the prime factors of p?
211
Suppose 39 = 4*a - 9. Suppose -a = -i - 3*i. List the prime factors of (189/15 + i)*5.
2, 3, 13
Suppose 5*j - 8*m = 865, 2*j + 3*m - 179 - 198 = 0. List the prime factors of j.
181
Let i(o) = 7149*o**3 - 2*o**2 + 6*o - 2. What are the prime factors of i(1)?
7151
Let s = 1402 - 418. Suppose -6*b = 78 + s. Let j = b + 328. List the prime factors of j.
151
Let z(b) = 21*b**